when 483 is divided by 7?
0
Calculate the remainder when 2640 is divided by 53.
43
What is the remainder when 1019 is divided by 204?
203
What is the remainder when 8275 is divided by 24?
19
What is the remainder when 257 is divided by 26?
23
What is the remainder when 125 is divided by 44?
37
Calculate the remainder when 292 is divided by 27.
22
Calculate the remainder when 822 is divided by 208.
198
What is the remainder when 77 is divided by 22?
11
What is the remainder when 447 is divided by 9?
6
What is the remainder when 135 is divided by 43?
6
Calculate the remainder when 3735 is divided by 121.
105
Calculate the remainder when 3787 is divided by 17.
13
Calculate the remainder when 1147 is divided by 105.
97
Calculate the remainder when 46 is divided by 30.
16
Calculate the remainder when 262 is divided by 33.
31
What is the remainder when 748 is divided by 231?
55
What is the remainder when 1449 is divided by 50?
49
Calculate the remainder when 93 is divided by 16.
13
Calculate the remainder when 630 is divided by 10.
0
Calculate the remainder when 500 is divided by 87.
65
Calculate the remainder when 2958 is divided by 47.
44
What is the remainder when 7017 is divided by 39?
36
Calculate the remainder when 1734 is divided by 31.
29
Calculate the remainder when 1687 is divided by 51.
4
What is the remainder when 285 is divided by 138?
9
What is the remainder when 831 is divided by 13?
12
Calculate the remainder when 214 is divided by 107.
0
Calculate the remainder when 527 is divided by 71.
30
What is the remainder when 120 is divided by 17?
1
Calculate the remainder when 310 is divided by 83.
61
Calculate the remainder when 281 is divided by 71.
68
What is the remainder when 81 is divided by 28?
25
Calculate the remainder when 734 is divided by 67.
64
What is the remainder when 1686 is divided by 113?
104
What is the remainder when 216 is divided by 74?
68
What is the remainder when 262 is divided by 22?
20
What is the remainder when 98 is divided by 40?
18
What is the remainder when 216 is divided by 98?
20
Calculate the remainder when 997 is divided by 85.
62
Calculate the remainder when 1778 is divided by 137.
134
What is the remainder when 26677 is divided by 115?
112
What is the remainder when 1115 is divided by 188?
175
Calculate the remainder when 3151 is divided by 1568.
15
What is the remainder when 162 is divided by 12?
6
Calculate the remainder when 249 is divided by 21.
18
Calculate the remainder when 13017 is divided by 105.
102
What is the remainder when 14 is divided by 4?
2
What is the remainder when 10963 is divided by 12?
7
Calculate the remainder when 1135 is divided by 163.
157
What is the remainder when 9273 is divided by 108?
93
What is the remainder when 797 is divided by 32?
29
What is the remainder when 1732 is divided by 76?
60
Calculate the remainder when 483 is divided by 430.
53
Calculate the remainder when 1025 is divided by 130.
115
What is the remainder when 17 is divided by 16?
1
What is the remainder when 1045 is divided by 303?
136
What is the remainder when 467 is divided by 399?
68
What is the remainder when 1371 is divided by 150?
21
Calculate the remainder when 1222 is divided by 72.
70
Calculate the remainder when 1659 is divided by 64.
59
What is the remainder when 109 is divided by 14?
11
What is the remainder when 1215 is divided by 33?
27
Calculate the remainder when 9563 is divided by 33.
26
Calculate the remainder when 1049 is divided by 35.
34
Calculate the remainder when 297 is divided by 85.
42
Calculate the remainder when 122 is divided by 40.
2
Calculate the remainder when 135 is divided by 17.
16
Calculate the remainder when 306 is divided by 13.
7
What is the remainder when 636 is divided by 91?
90
Calculate the remainder when 1367 is divided by 98.
93
Calculate the remainder when 207 is divided by 15.
12
What is the remainder when 903 is divided by 101?
95
Calculate the remainder when 16598 is divided by 25.
23
Calculate the remainder when 509 is divided by 135.
104
What is the remainder when 1361 is divided by 125?
111
What is the remainder when 2497 is divided by 51?
49
Calculate the remainder when 709 is divided by 107.
67
What is the remainder when 124 is divided by 21?
19
What is the remainder when 13 is divided by 6?
1
Calculate the remainder when 1855 is divided by 116.
115
What is the remainder when 578 is divided by 19?
8
Calculate the remainder when 94 is divided by 19.
18
What is the remainder when 142 is divided by 57?
28
What is the remainder when 981 is divided by 37?
19
Calculate the remainder when 526 is divided by 150.
76
Calculate the remainder when 154 is divided by 46.
16
What is the remainder when 640 is divided by 74?
48
Calculate the remainder when 2669 is divided by 4.
1
Calculate the remainder when 1038 is divided by 112.
30
Calculate the remainder when 381 is divided by 102.
75
What is the remainder when 869 is divided by 30?
29
What is the remainder when 510 is divided by 93?
45
What is the remainder when 419 is divided by 31?
16
Calculate the remainder when 1342 is divided by 48.
46
Calculate the remainder when 68 is divided by 24.
20
What is the remainder when 95 is divided by 94?
1
What is the remainder when 683 is divided by 14?
11
Calculate the remainder when 510 is divided by 35.
20
What is the remainder when 48 is divided by 24?
0
Calculate the remainder when 192 is divided by 66.
60
Calculate the remainder when 4097 is divided by 61.
10
What is the remainder when 38 is divided by 22?
16
Calculate the remainder when 2185 is divided by 40.
25
What is the remainder when 315 is divided by 23?
16
Calculate the remainder when 563 is divided by 27.
23
What is the remainder when 571 is divided by 23?
19
What is the remainder when 1109 is divided by 29?
7
What is the remainder when 905 is divided by 470?
435
What is the remainder when 562 is divided by 47?
45
Calculate the remainder when 2385 is divided by 126.
117
Calculate the remainder when 381 is divided by 99.
84
What is the remainder when 1149 is divided by 25?
24
What is the remainder when 1572 is divided by 79?
71
Calculate the remainder when 245 is divided by 47.
10
What is the remainder when 565 is divided by 113?
0
What is the remainder when 486 is divided by 123?
117
Calculate the remainder when 1110 is divided by 3.
0
Calculate the remainder when 111 is divided by 97.
14
Calculate the remainder when 192 is divided by 39.
36
What is the remainder when 1061 is divided by 17?
7
Calculate the remainder when 306 is divided by 144.
18
Calculate the remainder when 204 is divided by 49.
8
Calculate the remainder when 835 is divided by 27.
25
What is the remainder when 116 is divided by 13?
12
Calculate the remainder when 21357 is divided by 31.
29
Calculate the remainder when 153 is divided by 18.
9
Calculate the remainder when 78 is divided by 50.
28
Calculate the remainder when 114 is divided by 37.
3
Calculate the remainder when 167 is divided by 21.
20
What is the remainder when 2554 is divided by 287?
258
Calculate the remainder when 139 is divided by 10.
9
What is the remainder when 417 is divided by 14?
11
What is the remainder when 366 is divided by 23?
21
Calculate the remainder when 724 is divided by 56.
52
What is the remainder when 11129 is divided by 121?
118
Calculate the remainder when 274 is divided by 35.
29
What is the remainder when 6372 is divided by 17?
14
What is the remainder when 1120 is divided by 59?
58
Calculate the remainder when 1348 is divided by 7.
4
Calculate the remainder when 573 is divided by 23.
21
What is the remainder when 280 is divided by 16?
8
Calculate the remainder when 1201 is divided by 31.
23
Calculate the remainder when 284 is divided by 72.
68
What is the remainder when 412 is divided by 207?
205
What is the remainder when 64 is divided by 6?
4
What is the remainder when 1230 is divided by 1212?
18
Calculate the remainder when 252 is divided by 71.
39
Calculate the remainder when 104 is divided by 11.
5
What is the remainder when 167 is divided by 42?
41
Calculate the remainder when 125 is divided by 77.
48
What is the remainder when 113 is divided by 40?
33
What is the remainder when 163 is divided by 40?
3
What is the remainder when 28 is divided 